 - 6*a**2 + 8*a + 5. Let h be o(-7). Let r be 20/(-6)*3/h. Give w(r).
-2
Let r(t) be the third derivative of -5*t**2 + 1/24*t**4 + 0*t + 2/3*t**3 - 1/60*t**5 + 0. What is r(0)?
4
Let o(u) = 3*u**2 - 3*u. Let b(l) = 2*l**2 - 4*l - 1. Let c(f) = -4*b(f) + 3*o(f). Determine c(-8).
12
Suppose -3*f + 34 = 5*y, 2*y - 8 - 2 = 0. Suppose 0 = -4*t + 9 + f, w = t - 3. Let m(d) = -d + 3. What is m(w)?
3
Let o = 16 + -4. Let p = o - 17. Let c(j) = j + 3. Give c(p).
-2
Let y(f) be the second derivative of 5*f - 1/6*f**3 + 0 + 3/2*f**2. Calculate y(-5).
8
Let l(q) be the first derivative of -q**4/4 + 4*q**3/3 + 5*q**2/2 - q + 14. What is l(5)?
-1
Let u(o) = -5*o**2 - o + 15. Let p(w) = -3*w - 7*w**2 + 5*w**2 + w - 9*w**2 + 31. Let d(i) = 6*p(i) - 13*u(i). Calculate d(0).
-9
Suppose -2*j = -3*k, k + 0*k = 4*j. Let g(x) be the second derivative of 2/3*x**3 + k - x - 1/12*x**4 + 1/2*x**2. Determine g(4).
1
Let y(h) be the third derivative of 1/3*h**3 + 0*h + 1/24*h**4 + 0 + 3*h**2. Let b(r) = 1. Let j(p) = 5*b(p) + y(p). Calculate j(-4).
3
Let g be (-18)/72 + (-9)/(-4). Let j(a) = 2*a**3 - 2*a**2 - 2*a + 3. Give j(g).
7
Let u(m) be the third derivative of -m**5/10 - 5*m**2. Calculate u(1).
-6
Let j(d) = -3*d**3 - 3*d**2 + 7*d - 12. Let h(f) = -f**3 + f**2 - 1. Let z(n) = 4*h(n) - j(n). Calculate z(6).
2
Let p(u) be the first derivative of 5*u**4/12 + u**3/6 - u**2/2 + 3*u + 1. Let d(q) be the first derivative of p(q). What is d(1)?
5
Let p = -29 - -32. Let t(c) = 30*c - 21. Let v(k) = 3*k - 2. Let d(l) = -2*t(l) + 21*v(l). Give d(p).
9
Suppose -4*o - 31 = 3*s, 3*s - 6*s - 3*o = 27. Let l(j) = 0 + j + 7 - 3. Calculate l(s).
-1
Let l be 1/((-1)/2) - -5. Let s = l - 0. Let c(i) = i + 1. Determine c(s).
4
Suppose 3 = -2*a + 5*w + 1, 3*a - 2*w - 8 = 0. Suppose 5*z - x - 3*x - 9 = 0, -a*x = 4*z. Suppose z = u + 6. Let g(i) = i + 5. Determine g(u).
0
Let i(y) = y - 7. Suppose n = -2*z - n + 8, 3*z - 22 = 2*n. What is i(z)?
-1
Let g(d) = d**2 + 5*d - 7. Let m be g(-6). Let c = m - -6. Let t(s) = s**3 - 6*s**2 + 4*s + 1. What is t(c)?
-4
Let g(c) = -c + 12. Let r(f) = f - 13. Let q(l) = -5*g(l) - 4*r(l). Suppose -5*p = -p. Suppose 0*i + 4*i = p. Give q(i).
-8
Let g(l) be the third derivative of -l**5/60 - l**4/8 - l**3/6 - 5*l**2 + 3*l. What is g(-6)?
-19
Let o = 18 - 10. Let j = 3 - o. Let t(r) = r**3 + 6*r**2 + 3*r - 6. Calculate t(j).
4
Suppose 0 = -2*w - 2*w - 16. Let i(l) = 20*l**2 + 29*l - 5. Let f(a) = 7*a**2 + 10*a - 2. Let r(s) = -17*f(s) + 6*i(s). Calculate r(w).
4
Let y(c) = c**3 - 10*c**2 + 10*c - 13. Let t(u) = -u**3 - 4*u**2 - u + 5. Let j be t(-4). Let x be y(j). Let f(m) = -m**3 - 5*m**2 - 4*m - 3. What is f(x)?
-3
Suppose -5*w - 9 = -24. Let c(k) = -3 - k**3 - 6*k**2 + k + w - 1. Suppose 2 = -n - 4. What is c(n)?
-7
Let z(c) = 4*c. Suppose 4 - 5 = d. Suppose 3*o + 5 = 8. Let m = o - d. Give z(m).
8
Let j be (4/5)/((-2)/(-10)). Let t be (-1 - j/(-6))*-15. Let l(o) be the second derivative of -o**4/12 + 5*o**3/6 - 5*o**2/2 + 9*o. Determine l(t).
-5
Let j(c) be the third derivative of -1/3*c**3 + 0*c + 0 - 3*c**2 + 1/60*c**5 + 1/24*c**4. Let h = -4 + 2. Determine j(h).
0
Let l(j) = 5*j**3 - 9*j**2 - 4*j + 9. Let p(q) = -q**3 + q. Let c(n) = -l(n) - 6*p(n). Calculate c(-9).
9
Let q(o) be the second derivative of o**5/20 + 5*o**4/12 + 7*o**3/6 + 5*o**2/2 + o. Let d(g) = 2*g**3 - 14*g**2 + g - 11. Let x be d(7). What is q(x)?
-7
Let r = 4 + -6. Let a be -1*(-3 - (-1 + r)). Let x(p) = -p**2 - p - 7. Give x(a).
-7
Let c(g) be the first derivative of -g**6/120 - 7*g**5/60 - g**4/4 - 2*g**3/3 - 3*g**2/2 + 6. Let s(z) be the second derivative of c(z). Calculate s(-6).
-4
Let z(y) = -2*y + 1. Let t(x) = x**3 + x**2. Let s be t(0). Suppose 3*g - 2 - 1 = s. What is z(g)?
-1
Let r(g) = -3*g**2 + 1. Let o(n) = -n - 4. Let s be o(-3). Determine r(s).
-2
Suppose 0 = 5*y - 15, -4*a + 0*a = 5*y - 11. Let i(c) = 4*c. Determine i(a).
-4
Let t(v) = v**2 - 4*v + 6. Let a(m) = m - 1. Suppose -3*o - 15 = -6*o. Let f be a(o). Give t(f).
6
Let z(y) be the first derivative of 3*y**4 + y**3/3 - y**2/2 + y - 13. What is z(1)?
13
Let v(h) be the second derivative of h**5/12 - h**3/2 + h. Let d(m) be the second derivative of v(m). What is d(-1)?
-10
Let n(h) = 3 + 0 - h**2 - h + 2 - 3. What is n(2)?
-4
Let i(w) be the first derivative of w**4/4 + 4*w**3/3 - 2*w**2 + 3*w - 21. Calculate i(-5).
-2
Let m(z) = -3*z + 15. Let r(q) = 4*q - 23. Let f(h) = 7*m(h) + 5*r(h). Let u be (0 - -2)/2*12. Suppose -2*p + 2 = u. Give f(p).
-5
Let t = -34 - -26. Let d(j) = j + 2. What is d(t)?
-6
Let s be (-5)/(-3) - 6/9. Suppose q + 5*n = -15, 2*n - 7 = 2*q - s. Let t(r) = -r**2 - 4*r - 1. What is t(q)?
-6
Let y(h) = 5*h - 5 + 9 + 7 - 3*h. Determine y(-9).
-7
Suppose 2*n + 10*n = 84. Let t(a) = a**2 - 8*a. Give t(n).
-7
Let v(w) be the first derivative of w**3/3 + 14*w + 3. Calculate v(0).
14
Let f(d) be the third derivative of d**5/60 - 5*d**4/24 - d**3/6 - 13*d**2. What is f(6)?
5
Let n be (-3 + 4)*-2 - -5. Let y(p) = -p**3 + 2*p**2 + p + 3. What is y(n)?
-3
Let w(x) = 5*x**3 - 5*x**2 - 3*x + 4. Let d(t) = t + 4. Let m be d(-4). Let q(h) = 0 + 1 - h**2 + m - h + 0*h**2. Let r(y) = -3*q(y) + w(y). What is r(1)?
4
Let r = -29 - -14. Let f = 14 + r. Let d(m) = 11*m**2 + 1. Give d(f).
12
Let p(x) = 5*x**3 + 4*x**3 - x**2 + 1 + 0*x**2. Let j = 14 - 13. What is p(j)?
9
Let l be (-4)/(-5) + 36/30. Let j(m) = -m**2 + 5*m - 6*m + m**2 + 2*m**2 - l. Calculate j(2).
4
Suppose 5*t + z = 5*z + 40, -2*t = -2*z - 18. Suppose 0*p = t*p. Suppose p*y + 8 = -2*y. Let h(f) = -f**3 - 5*f**2 - 4*f + 5. What is h(y)?
5
Let l(k) = 6*k. Let m be ((-2)/6)/(4/12). Give l(m).
-6
Let i(w) = w - 3. Suppose 0 = 3*x + 2*x. Suppose x = 3*p - 41 - 13. Suppose 16 = -k + 4*t, 2*t = 4*k + 4 + p. Give i(k).
-7
Let s(n) be the third derivative of -n**6/36 - n**3 + 6*n**2. Let r(b) be the first derivative of s(b). Calculate r(-1).
-10
Suppose 5 = 4*x + 25. Let j(y) = -10*y + 4. Let l(o) = -7*o + 3. Let r(b) = x*j(b) + 7*l(b). Let t(p) = -p + 3. Let z be t(0). Give r(z).
4
Let v(u) = 3 - 3 - 3*u + 2. Suppose 3*n = -5*g - 10, n + 0*n - 5*g - 30 = 0. Determine v(n).
-13
Let y(d) = -9*d. Suppose -5*p + 9*p + 12 = 0. Calculate y(p).
27
Let y(b) = 3*b + 1. Let g(a) = -a**3 + 10*a**2 - a + 11. Suppose 2*d = -3*d + 50. Let r be g(d). Give y(r).
4
Let i(p) = -4*p**3 + 4*p**2 - 8*p + 7. Let r(y) = 3*y**3 - 4*y**2 + 7*y - 6. Let n(f) = -2*i(f) - 3*r(f). Let l be n(3). Let b(a) = a - 1. Give b(l).
-3
Let i(a) = 4*a + 2. Let j(k) = -k**3 - 19*k**2 + 21*k + 16. Let c be j(-20). Calculate i(c).
-14
Suppose -q = 2*q - 12. Let h(g) = -g**3 + 4*g**2 + 3*g + 3. Determine h(q).
15
Let w(h) = 3*h**3 - 3*h**2 - 7*h + 18. Let g(a) = -2*a**3 + 2*a**2 + 4*a - 9. Let d(c) = -5*g(c) - 3*w(c). Calculate d(0).
-9
Let v(s) = 2. Let d(r) = r - 5. Let t(b) = 3*d(b) + 8*v(b). Let i = 0 + 2. Let x be ((-4)/(-3))/(i/3). Determine t(x).
7
Let o(i) = -i**3 - 5*i**2 + 6*i + 5. Let x(a) = -a**2 - 18*a - 6. Let w be x(-18). What is o(w)?
5
Let c(s) = -3*s**2 - s**3 + 2*s - s**2 + 0*s**2 + 2. Let k be c(-4). Let y(u) = -u**2 - 6*u - 1. Determine y(k).
-1
Let u(k) be the first derivative of -1/8*k**4 - 3/2*k**2 - 1/20*k**5 + 2 + 0*k - 1/2*k**3. Let b(n) be the second derivative of u(n). Calculate b(-2).
-9
Let k = 163 - 158. Let j(l) = -3*l**3 - 17*l**2 + 6*l + 3. Let x(u) = 4*u**3 + 25*u**2 - 9*u - 5. Let a(v) = -7*j(v) - 5*x(v). Give a(k).
-6
Let r(q) = q**3 - 6*q + 4. Suppose 2*h + 3 = -3*p, -4*h + 1 + 1 = -2*p. Let w(m) = -m**2 - m. Let z(v) = p*r(v) + 3*w(v). Determine z(-4).
0
Let r(x) = -x**3 - 7*x**2 - 4. Let n(g) = g - 2. Let z be n(5). Suppose 3*u + z*a + 9 = 0, 3*u + u + a = -24. What is r(u)?
-4
Let d(y) be the first derivative of 7*y**4/4 + y**3/3 + 9. Give d(1).
8
Let n(l) be the first derivative of -l**3/2 + 5*l - 5. Let c(u) be the first derivative of n(u). What is c(1)?
-3
Let t(s) = -3*s + 9. Let x(y) = 7*y - 13. Let m be x(3). Determine t(m).
-15
Let u(t) = -t**3 - t**2 - 8. Suppose 2*f = -2*d - 4, 0 = f - 3*f - 4*d - 8. Calculate u(f).
-8
Let g(a) = 3*a**2 + 8*a + 3. Let j(c) = 4*c**2 + 9*c + 4. Let n(h) = -5*g(h) + 4*j(h). Determine n(5).
6
Let k(d) = d + 13. Suppose 3*g + 6 = 3*i, -4*i - 5*g - 10 = -0. What is k(i)?
13
Let n(v) = v**2 + v - 4. Let r(z) = 